b(-9).
2
Let i = -27 - -179. Suppose 2*a + i = 6*a. What are the prime factors of a?
2, 19
Let f(j) = j - 1. Let z(s) = -5*s - 5. Let i(g) = -4*f(g) - z(g). Let c be i(0). Suppose 0*v - 3*v = -c. What are the prime factors of v?
3
Let l = -15 + 53. Suppose 0 = -3*u + 6*u - 18. Suppose -2*o + l = -u. What are the prime factors of o?
2, 11
Let l(x) = x**3 + 6*x**2 - 2*x - 9. Let p be l(-6). Suppose -2*f = -2*i - p*i + 106, -5*i + 4*f + 102 = 0. List the prime factors of i.
2, 11
Let h(j) = j + 1. Let c be h(-1). Suppose 5 = -5*q - 0*q, -3*a + 3*q + 6 = c. Suppose 13 = y + a. What are the prime factors of y?
2, 3
Let s(o) = -o**3 + 13*o**2 + 10. Let h be s(13). Suppose -h = -4*i - i. List the prime factors of i.
2
Suppose 0 = 2*s - 0*s - 52. What are the prime factors of s?
2, 13
Let s be 1 + 10 + (-2)/2. Let g = -16 - -21. Suppose -g*o + s = -0. What are the prime factors of o?
2
Suppose -9 = 4*x - 85. Suppose 3*h = -4*y - x, 5*h - 9 = 6. Let c = -3 - y. What are the prime factors of c?
2
Suppose 0*r + 4 = r. Suppose q + r*q = 85. What are the prime factors of q?
17
Let u = 276 - 160. List the prime factors of u.
2, 29
Suppose 5 = 3*q - 1. What are the prime factors of q/3 + (-290)/(-15)?
2, 5
Let j(g) be the third derivative of g**6/120 - 13*g**5/60 + 2*g**4/3 - 17*g**3/6 - 3*g**2. List the prime factors of j(12).
31
Let t be 6*2*(-2)/(-8). Suppose 34 = -p + t*p. List the prime factors of p.
17
Suppose 0 = -w + 2*z - 4, -w - 3*z - 5 + 16 = 0. List the prime factors of (-2)/((-1)/(2/w)).
2
Let p(f) = f - 7. Let x be p(6). What are the prime factors of (-10 - -9)/(x/29)?
29
Suppose 18 - 6 = 3*n. Suppose 0 = n*v - 20 + 8. List the prime factors of v.
3
Let b(j) = 21*j**2 + 2*j - 4. List the prime factors of b(-3).
179
Suppose w - 52 = 34. List the prime factors of w.
2, 43
What are the prime factors of ((-4)/8)/(238/(-236) - -1)?
59
Let f(a) be the second derivative of -a**3 - 6*a**2 + a. What are the prime factors of f(-8)?
2, 3
Let s be -2 + (1 - -5 - 2). Suppose 3 = -s*v + 23. What are the prime factors of v?
2, 5
Suppose 204 = 9*t - 7*t. List the prime factors of t.
2, 3, 17
Let v be 0/1 + 1 - -2. Let m(c) = c**3 - 4*c**2 - 5*c - 2. Let x be m(5). Let j = v - x. List the prime factors of j.
5
Let w(d) be the first derivative of 4*d**2 - 5*d + 3. List the prime factors of w(4).
3
Let p(n) = n. Let r be p(3). Suppose -q + 16 = r. List the prime factors of q.
13
Suppose 3*p - 4 = 2*p. Suppose a = -l, l + p*l - 6 = -3*a. Suppose 5*n = -4*y + 68, 2*y + l*y - 64 = -n. What are the prime factors of y?
2, 3
Let w be ((-16)/(-2))/(4/6). What are the prime factors of -6*(-2)/(w/9)?
3
Suppose -5*b - 135 = -735. Suppose -2*u + 4*v + 52 = 0, -5*u = -6*v + v - b. List the prime factors of u.
2, 11
Let x(u) be the third derivative of u**5/60 - u**4/24 - 2*u**3/3 + 2*u**2. What are the prime factors of x(5)?
2
Let t = 11 + -14. Suppose -l + 4*l - 12 = 0. Let b = l - t. List the prime factors of b.
7
Suppose 4*c - 5 = -t - 21, -t + 24 = -4*c. Suppose 26 = i + 5*l + t, 3*i = -5*l + 46. List the prime factors of i.
2, 3
Suppose 3*h - 76 = -22. Let v = -8 + h. List the prime factors of v.
2, 5
Suppose 0 = d - 3*d + 16. Suppose -s - g = -6, -2*s + 32 + d = -5*g. What are the prime factors of s + 1 + (0 - 3)?
2
Suppose -2*k + 2*t = 2, 7 = -4*k + 3*t + 2*t. What are the prime factors of (-28)/(-4)*k/2?
7
Let a = 0 - -4. Let f(q) = 2*q**3 - 6*q**2 + 1. What are the prime factors of f(a)?
3, 11
Let h = -44 - -17. Let r = h + 41. List the prime factors of -2 - (-1 - r - -2).
11
Let d = 324 - 112. List the prime factors of d.
2, 53
Let o be (-3 - 70) + 2 + 1. Let a = 36 + o. Let x = -21 - a. List the prime factors of x.
13
Let c(z) = z**2 - 3*z - 9. What are the prime factors of c(-9)?
3, 11
List the prime factors of 393/21 - 12/(-42).
19
Suppose 12 = 3*s - 21. Suppose 0 = d - 0*d - 5*z + s, -2*d = -5*z + 7. List the prime factors of d.
2
Suppose 3*c - 9*c + 708 = 0. List the prime factors of c.
2, 59
Let c be (9/3 + -3)/(-2). Let x(g) = -g + 10. Let u be x(7). Suppose c*n + 57 = u*n. What are the prime factors of n?
19
Let g(k) = k**3 + 7*k**2 + 3. Suppose 0 = v - 11 - 9. Suppose 2*x - h + 13 = 0, 0 = 3*x - 2*h + h + v. What are the prime factors of g(x)?
3
What are the prime factors of 19/((-44)/(-14) + -1*3)?
7, 19
Suppose 3*x + x - 92 = -2*s, -2*x - 2*s = -44. Suppose -4*g = -2*a - 0*a - 6, -5*a = 3*g - x. What are the prime factors of a?
3
Let v be (-16)/6 + (-8)/(-12). Let d = v - -2. Suppose -3*u + d*u = 6, 0 = -5*s + u + 32. List the prime factors of s.
2, 3
List the prime factors of 84/9 + 10/15.
2, 5
Let t be 2/(-8) + (-3)/(-12). Suppose t*i - i = 0. What are the prime factors of 10 + i/(-3) + 2?
2, 3
Suppose -2*i + 5*u + 7 = -60, 60 = 2*i + 2*u. List the prime factors of i.
31
Let c be ((-5)/10)/(2/12). Let x(m) = -m**3 + 2*m**2 + 4*m - 1. What are the prime factors of x(c)?
2
Suppose 1 = -i - 5*a, -2*a = 6*i - i - 41. List the prime factors of i.
3
Let s(l) = l**2 - 2*l + 2. Let r be s(3). Suppose -1 = -r*u + 24. Suppose -u*t + 0*t + 20 = 0. What are the prime factors of t?
2
Suppose -3*f + 12 = -f. Let b = f + 0. List the prime factors of b.
2, 3
Suppose 3*j = 5*l - 72, 0*l - 4*j - 40 = -2*l. Let q(d) = 3*d**2 + 7*d + 1. Let g be q(-5). What are the prime factors of l/16 - g/(-4)?
11
Let t = -210 + 345. List the prime factors of t.
3, 5
Let t = -5 + 85. Suppose 4*b - t = -4*c, 2*b = -0*c + 2*c + 56. List the prime factors of b.
2, 3
List the prime factors of (-1)/(-1)*(-5 - (-1 - 12)).
2
Suppose -8*w = -12*w + 228. List the prime factors of w.
3, 19
Suppose 4*k - 577 = -3*m, -5*m = 4*k - 677 + 110. What are the prime factors of k?
2, 37
Suppose l - 10 = 4. Let m = l + 0. What are the prime factors of m?
2, 7
Suppose -2*a - 4 + 2 = 0. Let t = 5 - a. List the prime factors of t.
2, 3
Let h(u) = u**3 + 4*u**2 - u - 2. Let w = -25 - -22. What are the prime factors of h(w)?
2, 5
What are the prime factors of 284/8 - (-3)/(-6)?
5, 7
Suppose 7*p = 10*p - 99. List the prime factors of p.
3, 11
Suppose -2*v - 169 = -637. What are the prime factors of v?
2, 3, 13
Let u(f) = -f**3 + 4*f**2 - f + 1. Let j be u(3). Suppose 0 = 4*z - n - j - 48, z - 19 = -5*n. What are the prime factors of (-13 + -1)*(-21)/z?
3, 7
Suppose 2*w + 32 = 3*z - 36, -3*w = -z + 32. Suppose 6 + 4 = 5*x. Suppose -x*d + 3*s = -s - z, -2*d + 16 = -3*s. What are the prime factors of d?
2
Let x(f) be the second derivative of -f**4/12 - 4*f**3/3 - f**2 - 3*f. What are the prime factors of x(-5)?
13
Suppose -3*o - 18 = -o. List the prime factors of ((-78)/o)/(1/3).
2, 13
Let b be (-26)/(-4) - 4/(-8). Suppose -3*v + b = 1. What are the prime factors of v?
2
Let t(a) = -41*a**3 + 3*a**2 - 2*a - 2. List the prime factors of t(-1).
2, 11
Suppose w = 2*w - 15. What are the prime factors of (-2)/w + (-394)/(-30)?
13
Let l = -24 + 87. List the prime factors of l.
3, 7
Let f be (-4)/(-10) - (-37)/(-5). Let k = 2 - f. What are the prime factors of k?
3
Let r(h) = 20*h + 62. List the prime factors of r(8).
2, 3, 37
Suppose 0 = g - 6. Let t(q) = 3*q - 5. Let n(h) = -3*h + 6. Let o(f) = -4*n(f) - 3*t(f). What are the prime factors of o(g)?
3
Suppose -5*p - 5 = 0, 0 = -2*o + 6*p - 3*p + 115. List the prime factors of o.
2, 7
Suppose 0*l - 4*l - 3*h + 11 = 0, -5*h - 5 = 2*l. Suppose -l*r + 0*r + 170 = 0. List the prime factors of r.
2, 17
List the prime factors of 108/15*(-20)/(-8).
2, 3
Suppose -u = -2*h + 5, -8*u - 3*h = -3*u + 51. Let n = -5 - u. Suppose -k + 30 = n*k. List the prime factors of k.
2, 3
Let a(f) be the third derivative of -f**6/60 + f**5/30 + f**4/24 + 2*f**2. Let h be a(-1). Suppose h*w + w - 32 = 0. What are the prime factors of w?
2
Let l = -5 + 10. Suppose -h = -l*h - 48. What are the prime factors of 3 + h*(-2)/4?
3
List the prime factors of 0/9 + 54/2.
3
List the prime factors of (1 - (-26)/(-10))*-25.
2, 5
Let x be ((-7)/(-21))/((-1)/(-21)). Suppose 3*k = r - x, -r + k + 21 = 4*r. Suppose 4*i - 5*f + 3*f = 8, 5*i + r*f - 23 = 0. What are the prime factors of i?
3
Suppose -5*u = -16 - 39. Suppose -3 = 4*y - u. What are the prime factors of (7/y)/(2/4)?
7
Let o be (-32)/12*((-166)/8 - -2). Let h(r) = -r**3 + 5*r**2 - 6*r + 6. Let m be h(4). List the prime factors of ((-4)/10)/(m/o).
2, 5